{"id":145,"date":"2022-07-27T21:13:02","date_gmt":"2022-07-27T21:13:02","guid":{"rendered":"https:\/\/dii.us.com\/nuevo\/?page_id=145"},"modified":"2022-08-09T02:08:54","modified_gmt":"2022-08-09T02:08:54","slug":"residencial-paraiso","status":"publish","type":"page","link":"https:\/\/dii.us.com\/nuevo\/?page_id=145","title":{"rendered":"Residencial Para\u00edso"},"content":{"rendered":"\t\t<div data-elementor-type=\"wp-page\" data-elementor-id=\"145\" class=\"elementor elementor-145\">\n\t\t\t\t\t\t\t\t\t<section class=\"elementor-section elementor-top-section elementor-element elementor-element-1499 elementor-section-height-min-height elementor-section-boxed elementor-section-height-default elementor-section-items-middle\" data-id=\"1499\" data-element_type=\"section\" data-settings=\"{&quot;background_background&quot;:&quot;classic&quot;,&quot;jet_parallax_layout_list&quot;:[]}\">\n\t\t\t\t\t\t\t<div class=\"elementor-background-overlay\"><\/div>\n\t\t\t\t\t\t\t<div class=\"elementor-container elementor-column-gap-default\">\n\t\t\t\t\t<div class=\"elementor-column elementor-col-100 elementor-top-column elementor-element elementor-element-16165234\" data-id=\"16165234\" data-element_type=\"column\">\n\t\t\t<div class=\"elementor-widget-wrap elementor-element-populated\">\n\t\t\t\t\t\t\t\t<div class=\"elementor-element elementor-element-59885545 elementor-widget elementor-widget-heading\" data-id=\"59885545\" data-element_type=\"widget\" data-widget_type=\"heading.default\">\n\t\t\t\t<div class=\"elementor-widget-container\">\n\t\t\t<style>\/*! elementor - v3.6.7 - 03-07-2022 *\/\n.elementor-heading-title{padding:0;margin:0;line-height:1}.elementor-widget-heading .elementor-heading-title[class*=elementor-size-]>a{color:inherit;font-size:inherit;line-height:inherit}.elementor-widget-heading .elementor-heading-title.elementor-size-small{font-size:15px}.elementor-widget-heading .elementor-heading-title.elementor-size-medium{font-size:19px}.elementor-widget-heading .elementor-heading-title.elementor-size-large{font-size:29px}.elementor-widget-heading .elementor-heading-title.elementor-size-xl{font-size:39px}.elementor-widget-heading .elementor-heading-title.elementor-size-xxl{font-size:59px}<\/style><h2 class=\"elementor-heading-title elementor-size-default\">\u00bfSe imagina adquirir una extensa propiedad a precio de ganga para construir un conjunto residencial en lo alto del para\u00edso?<\/h2>\t\t<\/div>\n\t\t\t\t<\/div>\n\t\t\t\t<div class=\"elementor-element elementor-element-af8032b elementor-align-center elementor-widget elementor-widget-button\" data-id=\"af8032b\" data-element_type=\"widget\" data-widget_type=\"button.default\">\n\t\t\t\t<div class=\"elementor-widget-container\">\n\t\t\t\t\t<div class=\"elementor-button-wrapper\">\n\t\t\t<a href=\"https:\/\/dii.us.com\/nuevo\/wp-content\/uploads\/2022\/08\/LOS-NOVIOS-VIDEO-04-19-2022.mp4\" target=\"_blank\" class=\"elementor-button-link elementor-button elementor-size-sm\" role=\"button\">\n\t\t\t\t\t\t<span class=\"elementor-button-content-wrapper\">\n\t\t\t\t\t\t<span class=\"elementor-button-text\">Ver video<\/span>\n\t\t<\/span>\n\t\t\t\t\t<\/a>\n\t\t<\/div>\n\t\t\t\t<\/div>\n\t\t\t\t<\/div>\n\t\t\t\t\t<\/div>\n\t\t<\/div>\n\t\t\t\t\t\t\t<\/div>\n\t\t<\/section>\n\t\t\t\t<section class=\"elementor-section elementor-top-section elementor-element elementor-element-2ca4e4c7 elementor-section-boxed elementor-section-height-default elementor-section-height-default\" data-id=\"2ca4e4c7\" data-element_type=\"section\" data-settings=\"{&quot;jet_parallax_layout_list&quot;:[]}\">\n\t\t\t\t\t\t<div class=\"elementor-container elementor-column-gap-default\">\n\t\t\t\t\t<div class=\"elementor-column elementor-col-100 elementor-top-column elementor-element elementor-element-199e41f5\" data-id=\"199e41f5\" data-element_type=\"column\">\n\t\t\t<div class=\"elementor-widget-wrap elementor-element-populated\">\n\t\t\t\t\t\t\t\t<section class=\"elementor-section elementor-inner-section elementor-element elementor-element-ef242fa elementor-section-boxed elementor-section-height-default elementor-section-height-default\" data-id=\"ef242fa\" data-element_type=\"section\" data-settings=\"{&quot;jet_parallax_layout_list&quot;:[]}\">\n\t\t\t\t\t\t<div class=\"elementor-container elementor-column-gap-wider\">\n\t\t\t\t\t<div class=\"elementor-column elementor-col-50 elementor-inner-column elementor-element elementor-element-3b41442f\" data-id=\"3b41442f\" data-element_type=\"column\">\n\t\t\t<div class=\"elementor-widget-wrap elementor-element-populated\">\n\t\t\t\t\t\t\t\t<div class=\"elementor-element elementor-element-245496ec elementor-widget elementor-widget-heading\" data-id=\"245496ec\" data-element_type=\"widget\" data-widget_type=\"heading.default\">\n\t\t\t\t<div class=\"elementor-widget-container\">\n\t\t\t<h2 class=\"elementor-heading-title elementor-size-default\">Un terreno con 15.06 hect\u00e1reas por el precio de $4 millones y tasado en $8,447,885.<br><br>Un desarrollo residencial con m\u00e1s de $20 millones en ventas.<\/h2>\t\t<\/div>\n\t\t\t\t<\/div>\n\t\t\t\t<div class=\"elementor-element elementor-element-6c10ce4b elementor-widget elementor-widget-text-editor\" data-id=\"6c10ce4b\" data-element_type=\"widget\" data-widget_type=\"text-editor.default\">\n\t\t\t\t<div class=\"elementor-widget-container\">\n\t\t\t<style>\/*! elementor - v3.6.7 - 03-07-2022 *\/\n.elementor-widget-text-editor.elementor-drop-cap-view-stacked .elementor-drop-cap{background-color:#818a91;color:#fff}.elementor-widget-text-editor.elementor-drop-cap-view-framed .elementor-drop-cap{color:#818a91;border:3px solid;background-color:transparent}.elementor-widget-text-editor:not(.elementor-drop-cap-view-default) .elementor-drop-cap{margin-top:8px}.elementor-widget-text-editor:not(.elementor-drop-cap-view-default) .elementor-drop-cap-letter{width:1em;height:1em}.elementor-widget-text-editor .elementor-drop-cap{float:left;text-align:center;line-height:1;font-size:50px}.elementor-widget-text-editor .elementor-drop-cap-letter{display:inline-block}<\/style>\t\t\t\t<p><b>Los Novios en Para\u00edso de Cartago,<\/b> <span style=\"font-weight: 400;\">ubicado en un sitio estrat\u00e9gico de Cartago en Costa Rica, es uno de los suburbios preferidos para vivir por las personas que trabajan en San Jos\u00e9.<\/span><\/p><p><span style=\"font-weight: 400;\">Tiene las mejores vistas de la zona, especialmente hacia el Valle de Ujarr\u00e1s con la iglesia hist\u00f3rica y una gran vista panor\u00e1mica del lago Cach\u00ed, topograf\u00eda plana, acceso a calle p\u00fablica y alumbrado, con la posibilidad de instalar f\u00e1cilmente agua potable, electricidad y otros servicios p\u00fablicos.\u00a0<\/span><\/p><p><b>\u00bfQu\u00e9 podr\u00eda construir en esta propiedad?<\/b><\/p><ul><li style=\"font-weight: 400;\" aria-level=\"1\"><span style=\"font-weight: 400;\">Un residencial de lujo con 174 lotes de hasta 700 m2.<\/span><\/li><li style=\"font-weight: 400;\" aria-level=\"1\"><span style=\"font-weight: 400;\">4 condominios de 3 pisos de 240 apartamentos.<\/span><\/li><li style=\"font-weight: 400;\" aria-level=\"1\"><span style=\"font-weight: 400;\">Una casa club con gimnasio y parque.<\/span><\/li><\/ul>\t\t\t\t\t\t<\/div>\n\t\t\t\t<\/div>\n\t\t\t\t\t<\/div>\n\t\t<\/div>\n\t\t\t\t<div class=\"elementor-column elementor-col-50 elementor-inner-column elementor-element elementor-element-13862c76\" data-id=\"13862c76\" data-element_type=\"column\">\n\t\t\t<div class=\"elementor-widget-wrap elementor-element-populated\">\n\t\t\t\t\t\t\t\t<div class=\"elementor-element elementor-element-5203cae elementor-widget elementor-widget-image\" data-id=\"5203cae\" data-element_type=\"widget\" data-widget_type=\"image.default\">\n\t\t\t\t<div class=\"elementor-widget-container\">\n\t\t\t<style>\/*! elementor - v3.6.7 - 03-07-2022 *\/\n.elementor-widget-image{text-align:center}.elementor-widget-image a{display:inline-block}.elementor-widget-image a img[src$=\".svg\"]{width:48px}.elementor-widget-image img{vertical-align:middle;display:inline-block}<\/style>\t\t\t\t\t\t\t\t\t\t\t\t<img width=\"800\" height=\"534\" src=\"https:\/\/dii.us.com\/nuevo\/wp-content\/uploads\/2022\/07\/paraiso-1024x683.webp\" class=\"attachment-large size-large\" alt=\"\" loading=\"lazy\" srcset=\"https:\/\/dii.us.com\/nuevo\/wp-content\/uploads\/2022\/07\/paraiso-1024x683.webp 1024w, https:\/\/dii.us.com\/nuevo\/wp-content\/uploads\/2022\/07\/paraiso-300x200.webp 300w, https:\/\/dii.us.com\/nuevo\/wp-content\/uploads\/2022\/07\/paraiso-768x512.webp 768w, https:\/\/dii.us.com\/nuevo\/wp-content\/uploads\/2022\/07\/paraiso.webp 1200w\" sizes=\"(max-width: 800px) 100vw, 800px\" \/>\t\t\t\t\t\t\t\t\t\t\t\t\t\t\t<\/div>\n\t\t\t\t<\/div>\n\t\t\t\t<div class=\"elementor-element elementor-element-6ee9d1aa elementor-widget elementor-widget-image\" data-id=\"6ee9d1aa\" data-element_type=\"widget\" data-widget_type=\"image.default\">\n\t\t\t\t<div class=\"elementor-widget-container\">\n\t\t\t\t\t\t\t\t\t\t\t\t\t\t\t<img width=\"800\" height=\"480\" src=\"https:\/\/dii.us.com\/nuevo\/wp-content\/uploads\/2022\/07\/paraiso-costa-rica.jpg\" class=\"attachment-large size-large\" alt=\"\" loading=\"lazy\" srcset=\"https:\/\/dii.us.com\/nuevo\/wp-content\/uploads\/2022\/07\/paraiso-costa-rica.jpg 950w, https:\/\/dii.us.com\/nuevo\/wp-content\/uploads\/2022\/07\/paraiso-costa-rica-300x180.jpg 300w, https:\/\/dii.us.com\/nuevo\/wp-content\/uploads\/2022\/07\/paraiso-costa-rica-768x461.jpg 768w\" sizes=\"(max-width: 800px) 100vw, 800px\" \/>\t\t\t\t\t\t\t\t\t\t\t\t\t\t\t<\/div>\n\t\t\t\t<\/div>\n\t\t\t\t\t<\/div>\n\t\t<\/div>\n\t\t\t\t\t\t\t<\/div>\n\t\t<\/section>\n\t\t\t\t\t<\/div>\n\t\t<\/div>\n\t\t\t\t\t\t\t<\/div>\n\t\t<\/section>\n\t\t\t\t<section class=\"elementor-section elementor-top-section elementor-element elementor-element-21d26157 elementor-section-boxed elementor-section-height-default elementor-section-height-default\" data-id=\"21d26157\" data-element_type=\"section\" data-settings=\"{&quot;jet_parallax_layout_list&quot;:[],&quot;background_background&quot;:&quot;classic&quot;}\">\n\t\t\t\t\t\t\t<div class=\"elementor-background-overlay\"><\/div>\n\t\t\t\t\t\t\t<div class=\"elementor-container elementor-column-gap-wider\">\n\t\t\t\t\t<div class=\"elementor-column elementor-col-100 elementor-top-column elementor-element elementor-element-6f8f4e0d\" data-id=\"6f8f4e0d\" data-element_type=\"column\">\n\t\t\t<div class=\"elementor-widget-wrap elementor-element-populated\">\n\t\t\t\t\t\t\t\t<div class=\"elementor-element elementor-element-5ca1ed73 elementor-widget elementor-widget-heading\" data-id=\"5ca1ed73\" data-element_type=\"widget\" data-widget_type=\"heading.default\">\n\t\t\t\t<div class=\"elementor-widget-container\">\n\t\t\t<h2 class=\"elementor-heading-title elementor-size-default\">\u00a1Marque un antes y un despu\u00e9s en su carrera como inversionista de bienes ra\u00edces o desarrollador inmobiliario al adquirir esta preciosa finca en la mitad de su valor real!<\/h2>\t\t<\/div>\n\t\t\t\t<\/div>\n\t\t\t\t<section class=\"elementor-section elementor-inner-section elementor-element elementor-element-54d1bc54 elementor-section-boxed elementor-section-height-default elementor-section-height-default\" data-id=\"54d1bc54\" data-element_type=\"section\" data-settings=\"{&quot;jet_parallax_layout_list&quot;:[]}\">\n\t\t\t\t\t\t<div class=\"elementor-container elementor-column-gap-wider\">\n\t\t\t\t\t<div class=\"elementor-column elementor-col-50 elementor-inner-column elementor-element elementor-element-43fb766a\" data-id=\"43fb766a\" data-element_type=\"column\">\n\t\t\t<div class=\"elementor-widget-wrap elementor-element-populated\">\n\t\t\t\t\t\t\t\t<div class=\"elementor-element elementor-element-10b6ed08 elementor-widget elementor-widget-text-editor\" data-id=\"10b6ed08\" data-element_type=\"widget\" data-widget_type=\"text-editor.default\">\n\t\t\t\t<div class=\"elementor-widget-container\">\n\t\t\t\t\t\t\t<p><b>El terreno se puede subdividir en aproximadamente en 174 lotes de 7500 pies cuadrados con una venta proyectada de m\u00e1s de $18 millones de d\u00f3lares.<\/b><\/p><p><b>Ubicado en para\u00edso de Cartago, a solo 45 minutos de San Jos\u00e9, uno los sitios residenciales preferidos por las personas que trabajan en la ciudad de San Jos\u00e9.<\/b><\/p><p><b>\u00bfSe considera un inversionista ambicioso y visionario? Tenemos la propiedad perfecta para usted. <\/b><b>ES UNA INVERSI\u00d3N CON UN ALTO RETORNO DE INVERSI\u00d3N GARANTIZADO.<\/b><\/p>\t\t\t\t\t\t<\/div>\n\t\t\t\t<\/div>\n\t\t\t\t\t<\/div>\n\t\t<\/div>\n\t\t\t\t<div class=\"elementor-column elementor-col-50 elementor-inner-column elementor-element elementor-element-81b809c\" data-id=\"81b809c\" data-element_type=\"column\">\n\t\t\t<div class=\"elementor-widget-wrap elementor-element-populated\">\n\t\t\t\t\t\t\t\t<div class=\"elementor-element elementor-element-6c01861e elementor-widget elementor-widget-text-editor\" data-id=\"6c01861e\" data-element_type=\"widget\" data-widget_type=\"text-editor.default\">\n\t\t\t\t<div class=\"elementor-widget-container\">\n\t\t\t\t\t\t\t<p><b>Ficha t\u00e9cnica:\u00a0<\/b><\/p><ul><li style=\"font-weight: 400;\" aria-level=\"1\"><span style=\"font-weight: 400;\">Extensi\u00f3n: <\/span><b>15.068 hect\u00e1reas (37 acres)<\/b><\/li><li style=\"font-weight: 400;\" aria-level=\"1\"><span style=\"font-weight: 400;\">Precio: <\/span><b>$4 millones (+5% de comisi\u00f3n al <\/b><b><i>realtor<\/i><\/b><b>)<\/b><\/li><li style=\"font-weight: 400;\" aria-level=\"1\"><span style=\"font-weight: 400;\">Servicios p\u00fablicos: <\/span><b>Zona de acceso a agua potable, telefon\u00eda y electricidad.<\/b><\/li><\/ul><p><span style=\"font-weight: 400;\">Otras ventajas: <\/span><b>Clima fresco y ambiente de tranquilidad y relajaci\u00f3n. <\/b><\/p>\t\t\t\t\t\t<\/div>\n\t\t\t\t<\/div>\n\t\t\t\t\t<\/div>\n\t\t<\/div>\n\t\t\t\t\t\t\t<\/div>\n\t\t<\/section>\n\t\t\t\t\t<\/div>\n\t\t<\/div>\n\t\t\t\t\t\t\t<\/div>\n\t\t<\/section>\n\t\t\t\t<section class=\"elementor-section elementor-top-section elementor-element elementor-element-27d9740 elementor-section-boxed elementor-section-height-default elementor-section-height-default\" data-id=\"27d9740\" data-element_type=\"section\" data-settings=\"{&quot;jet_parallax_layout_list&quot;:[]}\">\n\t\t\t\t\t\t<div class=\"elementor-container elementor-column-gap-wider\">\n\t\t\t\t\t<div class=\"elementor-column elementor-col-100 elementor-top-column elementor-element elementor-element-6caf9300\" data-id=\"6caf9300\" data-element_type=\"column\">\n\t\t\t<div class=\"elementor-widget-wrap elementor-element-populated\">\n\t\t\t\t\t\t\t\t<div class=\"elementor-element elementor-element-687b90ee elementor-widget elementor-widget-heading\" data-id=\"687b90ee\" data-element_type=\"widget\" data-widget_type=\"heading.default\">\n\t\t\t\t<div class=\"elementor-widget-container\">\n\t\t\t<h2 class=\"elementor-heading-title elementor-size-default\">RAZONES PARA INVERTIR EN BIENES RA\u00cdCES EN PARA\u00cdSO DE CARTAGO EN COSTA RICA<\/h2>\t\t<\/div>\n\t\t\t\t<\/div>\n\t\t\t\t<section class=\"elementor-section elementor-inner-section elementor-element elementor-element-84adc18 elementor-section-boxed elementor-section-height-default elementor-section-height-default\" data-id=\"84adc18\" data-element_type=\"section\" data-settings=\"{&quot;jet_parallax_layout_list&quot;:[]}\">\n\t\t\t\t\t\t<div class=\"elementor-container elementor-column-gap-wider\">\n\t\t\t\t\t<div class=\"elementor-column elementor-col-50 elementor-inner-column elementor-element elementor-element-7cda027\" data-id=\"7cda027\" data-element_type=\"column\">\n\t\t\t<div class=\"elementor-widget-wrap elementor-element-populated\">\n\t\t\t\t\t\t\t\t<div class=\"elementor-element elementor-element-50b1fddd elementor-widget elementor-widget-text-editor\" data-id=\"50b1fddd\" data-element_type=\"widget\" data-widget_type=\"text-editor.default\">\n\t\t\t\t<div class=\"elementor-widget-container\">\n\t\t\t\t\t\t\t<p><b>Conectividad.<\/b><span style=\"font-weight: 400;\"> Para\u00edso de Cartago es un suburbio privilegiado fuera de San Jos\u00e9, para vivir estando a solo <\/span><b>45 minutos de San Jos\u00e9<\/b><span style=\"font-weight: 400;\">, la capital de Costa Rica, y a 7 km del centro de Cartago, con opciones de transporte p\u00fablico y carreteras en buenas condiciones. <\/span><b>Es una zona muy accesible.<\/b><\/p>\t\t\t\t\t\t<\/div>\n\t\t\t\t<\/div>\n\t\t\t\t<div class=\"elementor-element elementor-element-cd231db elementor-widget elementor-widget-text-editor\" data-id=\"cd231db\" data-element_type=\"widget\" data-widget_type=\"text-editor.default\">\n\t\t\t\t<div class=\"elementor-widget-container\">\n\t\t\t\t\t\t\t<p><b>Belleza esc\u00e9nica.<\/b><span style=\"font-weight: 400;\"> Su nombre lo dice todo. <\/span><b>Para\u00edso de Cartago es un para\u00edso terrenal, completamente rodeado de monta\u00f1as,<\/b> <span style=\"font-weight: 400;\">con vistas al Lago Cach\u00ed y muy cerca del Valle de Orosi (con balnearios y miradores), del Jard\u00edn Bot\u00e1nico Lankester, del Volc\u00e1n Turrialba y del Volc\u00e1n Iraz\u00fa.<\/span><\/p>\t\t\t\t\t\t<\/div>\n\t\t\t\t<\/div>\n\t\t\t\t\t<\/div>\n\t\t<\/div>\n\t\t\t\t<div class=\"elementor-column elementor-col-50 elementor-inner-column elementor-element elementor-element-b495009\" data-id=\"b495009\" data-element_type=\"column\">\n\t\t\t<div class=\"elementor-widget-wrap elementor-element-populated\">\n\t\t\t\t\t\t\t\t<div class=\"elementor-element elementor-element-dd7d1dd elementor-widget elementor-widget-text-editor\" data-id=\"dd7d1dd\" data-element_type=\"widget\" data-widget_type=\"text-editor.default\">\n\t\t\t\t<div class=\"elementor-widget-container\">\n\t\t\t\t\t\t\t<p><b>Facilidades log\u00edsticas.<\/b><span style=\"font-weight: 400;\"> Al ser tan cerca de la ciudad, en tan s\u00f3lo minutos se pueden encontrar sucursales bancarias, centros m\u00e9dicos, supermercados, tiendas, universidades, y otros establecimientos. <\/span><b>Tambi\u00e9n hay acceso a telefon\u00eda e Internet.<\/b><\/p>\t\t\t\t\t\t<\/div>\n\t\t\t\t<\/div>\n\t\t\t\t<div class=\"elementor-element elementor-element-0619768 elementor-widget elementor-widget-text-editor\" data-id=\"0619768\" data-element_type=\"widget\" data-widget_type=\"text-editor.default\">\n\t\t\t\t<div class=\"elementor-widget-container\">\n\t\t\t\t\t\t\t<p><b>En continuo desarrollo.<\/b><span style=\"font-weight: 400;\"> Debido precisamente a su clima fresco, atractivos tur\u00edsticos y opciones comerciales, Cartago es una provincia en continuo desarrollo y crecimiento inmobiliario pues las personas aman vivir all\u00ed. <\/span><b>Es una ciudad de econom\u00eda pujante.<\/b><\/p>\t\t\t\t\t\t<\/div>\n\t\t\t\t<\/div>\n\t\t\t\t\t<\/div>\n\t\t<\/div>\n\t\t\t\t\t\t\t<\/div>\n\t\t<\/section>\n\t\t\t\t<div class=\"elementor-element elementor-element-4465250 elementor-widget elementor-widget-text-editor\" data-id=\"4465250\" data-element_type=\"widget\" data-widget_type=\"text-editor.default\">\n\t\t\t\t<div class=\"elementor-widget-container\">\n\t\t\t\t\t\t\t<p><b>Atractivos tur\u00edsticos y recreativos: <\/b><span style=\"font-weight: 400;\">El famoso volc\u00e1n Iraz\u00fa es uno de los atractivos tur\u00edsticos favoritos. A pocos kil\u00f3metros, sin salir de Cartago, se encuentran las ruinas del Sanatorio Dur\u00e1n, la Reserva Savegre, el Museo Municipal, un parque para ciclismo de monta\u00f1a, el r\u00edo Pacuare (donde se puede practicar rafting), la Reserva de Vida Silvestre La Marta y, por los m\u00e1s religiosos, no podemos olvidar que <\/span><b>esta propiedad se encuentra relativamente cerca de la famosa Bas\u00edlica de la Virgen de Los \u00c1ngeles, patrona de Costa Rica.<\/b><\/p>\t\t\t\t\t\t<\/div>\n\t\t\t\t<\/div>\n\t\t\t\t\t<\/div>\n\t\t<\/div>\n\t\t\t\t\t\t\t<\/div>\n\t\t<\/section>\n\t\t\t\t<section class=\"elementor-section elementor-top-section elementor-element elementor-element-41bac1d elementor-section-boxed elementor-section-height-default elementor-section-height-default\" data-id=\"41bac1d\" data-element_type=\"section\" data-settings=\"{&quot;jet_parallax_layout_list&quot;:[]}\">\n\t\t\t\t\t\t<div class=\"elementor-container elementor-column-gap-default\">\n\t\t\t\t\t<div class=\"elementor-column elementor-col-100 elementor-top-column elementor-element elementor-element-39b67e6\" data-id=\"39b67e6\" data-element_type=\"column\">\n\t\t\t<div class=\"elementor-widget-wrap elementor-element-populated\">\n\t\t\t\t\t\t\t\t<div class=\"elementor-element elementor-element-44c6667 elementor-aspect-ratio-169 elementor-widget elementor-widget-video\" data-id=\"44c6667\" data-element_type=\"widget\" data-settings=\"{&quot;video_type&quot;:&quot;hosted&quot;,&quot;controls&quot;:&quot;yes&quot;,&quot;aspect_ratio&quot;:&quot;169&quot;}\" data-widget_type=\"video.default\">\n\t\t\t\t<div class=\"elementor-widget-container\">\n\t\t\t<style>\/*! elementor - v3.6.7 - 03-07-2022 *\/\n.elementor-widget-video .elementor-widget-container{overflow:hidden;-webkit-transform:translateZ(0);transform:translateZ(0)}.elementor-widget-video .elementor-open-inline .elementor-custom-embed-image-overlay{position:absolute;top:0;left:0;width:100%;height:100%;background-size:cover;background-position:50%}.elementor-widget-video .elementor-custom-embed-image-overlay{cursor:pointer;text-align:center}.elementor-widget-video .elementor-custom-embed-image-overlay:hover .elementor-custom-embed-play i{opacity:1}.elementor-widget-video .elementor-custom-embed-image-overlay img{display:block;width:100%}.elementor-widget-video .e-hosted-video .elementor-video{-o-object-fit:cover;object-fit:cover}<\/style>\t\t<div class=\"e-hosted-video elementor-wrapper elementor-fit-aspect-ratio elementor-open-inline\">\n\t\t\t\t\t<video class=\"elementor-video\" src=\"https:\/\/dii.us.com\/nuevo\/wp-content\/uploads\/2022\/08\/LOS-NOVIOS-VIDEO-04-19-2022-1.mp4\" controls=\"\" controlsList=\"nodownload\"><\/video>\n\t\t\t\t<\/div>\n\t\t\t\t<\/div>\n\t\t\t\t<\/div>\n\t\t\t\t\t<\/div>\n\t\t<\/div>\n\t\t\t\t\t\t\t<\/div>\n\t\t<\/section>\n\t\t\t\t\t\t\t<\/div>\n\t\t","protected":false},"excerpt":{"rendered":"<p>\u00bfSe imagina adquirir una extensa propiedad a precio de ganga para construir un conjunto residencial en lo alto del para\u00edso? Ver video Un terreno con 15.06 hect\u00e1reas por el precio de $4 millones y tasado en $8,447,885. Un desarrollo residencial con m\u00e1s de $20 millones en ventas. Los Novios en Para\u00edso de Cartago, ubicado en [&hellip;]<\/p>\n","protected":false},"author":1,"featured_media":0,"parent":0,"menu_order":0,"comment_status":"closed","ping_status":"closed","template":"","meta":[],"_links":{"self":[{"href":"https:\/\/dii.us.com\/nuevo\/index.php?rest_route=\/wp\/v2\/pages\/145"}],"collection":[{"href":"https:\/\/dii.us.com\/nuevo\/index.php?rest_route=\/wp\/v2\/pages"}],"about":[{"href":"https:\/\/dii.us.com\/nuevo\/index.php?rest_route=\/wp\/v2\/types\/page"}],"author":[{"embeddable":true,"href":"https:\/\/dii.us.com\/nuevo\/index.php?rest_route=\/wp\/v2\/users\/1"}],"replies":[{"embeddable":true,"href":"https:\/\/dii.us.com\/nuevo\/index.php?rest_route=%2Fwp%2Fv2%2Fcomments&post=145"}],"version-history":[{"count":29,"href":"https:\/\/dii.us.com\/nuevo\/index.php?rest_route=\/wp\/v2\/pages\/145\/revisions"}],"predecessor-version":[{"id":473,"href":"https:\/\/dii.us.com\/nuevo\/index.php?rest_route=\/wp\/v2\/pages\/145\/revisions\/473"}],"wp:attachment":[{"href":"https:\/\/dii.us.com\/nuevo\/index.php?rest_route=%2Fwp%2Fv2%2Fmedia&parent=145"}],"curies":[{"name":"wp","href":"https:\/\/api.w.org\/{rel}","templated":true}]}}