{"id":143,"date":"2022-07-27T21:12:33","date_gmt":"2022-07-27T21:12:33","guid":{"rendered":"https:\/\/dii.us.com\/nuevo\/?page_id=143"},"modified":"2022-08-02T04:48:28","modified_gmt":"2022-08-02T04:48:28","slug":"proyecto-orotina","status":"publish","type":"page","link":"https:\/\/dii.us.com\/nuevo\/?page_id=143","title":{"rendered":"Proyecto Orotina"},"content":{"rendered":"\t\t<div data-elementor-type=\"wp-page\" data-elementor-id=\"143\" class=\"elementor elementor-143\">\n\t\t\t\t\t\t\t\t\t<section class=\"elementor-section elementor-top-section elementor-element elementor-element-e9efb25 elementor-section-height-min-height elementor-section-boxed elementor-section-height-default elementor-section-items-middle\" data-id=\"e9efb25\" data-element_type=\"section\" data-settings=\"{&quot;background_background&quot;:&quot;classic&quot;,&quot;jet_parallax_layout_list&quot;:[]}\">\n\t\t\t\t\t\t\t<div class=\"elementor-background-overlay\"><\/div>\n\t\t\t\t\t\t\t<div class=\"elementor-container elementor-column-gap-default\">\n\t\t\t\t\t<div class=\"elementor-column elementor-col-100 elementor-top-column elementor-element elementor-element-7c84f6a\" data-id=\"7c84f6a\" data-element_type=\"column\">\n\t\t\t<div class=\"elementor-widget-wrap elementor-element-populated\">\n\t\t\t\t\t\t\t\t<div class=\"elementor-element elementor-element-b4e05ee elementor-widget elementor-widget-heading\" data-id=\"b4e05ee\" data-element_type=\"widget\" data-widget_type=\"heading.default\">\n\t\t\t\t<div class=\"elementor-widget-container\">\n\t\t\t<style>\/*! elementor - v3.6.7 - 03-07-2022 *\/\n.elementor-heading-title{padding:0;margin:0;line-height:1}.elementor-widget-heading .elementor-heading-title[class*=elementor-size-]>a{color:inherit;font-size:inherit;line-height:inherit}.elementor-widget-heading .elementor-heading-title.elementor-size-small{font-size:15px}.elementor-widget-heading .elementor-heading-title.elementor-size-medium{font-size:19px}.elementor-widget-heading .elementor-heading-title.elementor-size-large{font-size:29px}.elementor-widget-heading .elementor-heading-title.elementor-size-xl{font-size:39px}.elementor-widget-heading .elementor-heading-title.elementor-size-xxl{font-size:59px}<\/style><h2 class=\"elementor-heading-title elementor-size-default\">UBICADO EN UNA DE LAS MEJORES UBICACIONES LOG\u00cdSTICAS PARA EMPRESAS INDUSTRIALES, COMERCIALES Y LOG\u00cdSTICAS\n<\/h2>\t\t<\/div>\n\t\t\t\t<\/div>\n\t\t\t\t\t<\/div>\n\t\t<\/div>\n\t\t\t\t\t\t\t<\/div>\n\t\t<\/section>\n\t\t\t\t<section class=\"elementor-section elementor-top-section elementor-element elementor-element-1c3f66b elementor-section-boxed elementor-section-height-default elementor-section-height-default\" data-id=\"1c3f66b\" data-element_type=\"section\" data-settings=\"{&quot;jet_parallax_layout_list&quot;:[]}\">\n\t\t\t\t\t\t<div class=\"elementor-container elementor-column-gap-default\">\n\t\t\t\t\t<div class=\"elementor-column elementor-col-100 elementor-top-column elementor-element elementor-element-c33a5c9\" data-id=\"c33a5c9\" data-element_type=\"column\">\n\t\t\t<div class=\"elementor-widget-wrap elementor-element-populated\">\n\t\t\t\t\t\t\t\t<section class=\"elementor-section elementor-inner-section elementor-element elementor-element-701012b elementor-section-boxed elementor-section-height-default elementor-section-height-default\" data-id=\"701012b\" data-element_type=\"section\" data-settings=\"{&quot;jet_parallax_layout_list&quot;:[]}\">\n\t\t\t\t\t\t<div class=\"elementor-container elementor-column-gap-wider\">\n\t\t\t\t\t<div class=\"elementor-column elementor-col-50 elementor-inner-column elementor-element elementor-element-d9aeec6\" data-id=\"d9aeec6\" data-element_type=\"column\">\n\t\t\t<div class=\"elementor-widget-wrap elementor-element-populated\">\n\t\t\t\t\t\t\t\t<div class=\"elementor-element elementor-element-4545a58 elementor-widget elementor-widget-heading\" data-id=\"4545a58\" data-element_type=\"widget\" data-widget_type=\"heading.default\">\n\t\t\t\t<div class=\"elementor-widget-container\">\n\t\t\t<h2 class=\"elementor-heading-title elementor-size-default\">Cerca de Puerto Caldera, San Jos\u00e9, y en las inmediaciones de un futuro aeropuerto.<\/h2>\t\t<\/div>\n\t\t\t\t<\/div>\n\t\t\t\t<div class=\"elementor-element elementor-element-0e68357 elementor-widget elementor-widget-text-editor\" data-id=\"0e68357\" data-element_type=\"widget\" data-widget_type=\"text-editor.default\">\n\t\t\t\t<div class=\"elementor-widget-container\">\n\t\t\t<style>\/*! elementor - v3.6.7 - 03-07-2022 *\/\n.elementor-widget-text-editor.elementor-drop-cap-view-stacked .elementor-drop-cap{background-color:#818a91;color:#fff}.elementor-widget-text-editor.elementor-drop-cap-view-framed .elementor-drop-cap{color:#818a91;border:3px solid;background-color:transparent}.elementor-widget-text-editor:not(.elementor-drop-cap-view-default) .elementor-drop-cap{margin-top:8px}.elementor-widget-text-editor:not(.elementor-drop-cap-view-default) .elementor-drop-cap-letter{width:1em;height:1em}.elementor-widget-text-editor .elementor-drop-cap{float:left;text-align:center;line-height:1;font-size:50px}.elementor-widget-text-editor .elementor-drop-cap-letter{display:inline-block}<\/style>\t\t\t\t<p><span style=\"font-weight: 400;\">Si pudi\u00e9ramos resumir esta propiedad en dos palabras ser\u00edan: <\/span><b>UBICACI\u00d3N ESTRAT\u00c9GICA.<\/b><span style=\"font-weight: 400;\">\u00a0<\/span><\/p><ul><li style=\"font-weight: 400;\" aria-level=\"1\"><span style=\"font-weight: 400;\">A tan s\u00f3lo 1 km de la Ruta 27, la v\u00eda principal hacia Puntarenas y hacia San Jos\u00e9.<\/span><\/li><li style=\"font-weight: 400;\" aria-level=\"1\"><span style=\"font-weight: 400;\">A 45 minutos de la capital.\u00a0<\/span><\/li><li style=\"font-weight: 400;\" aria-level=\"1\"><span style=\"font-weight: 400;\">A 8 km de Puerto Caldera que cuenta con una importante central de contenedores.\u00a0<\/span><\/li><li style=\"font-weight: 400;\" aria-level=\"1\"><span style=\"font-weight: 400;\">A 12 km del centro de Orotina con ampl\u00eda oferta comercial e institucional.<\/span><\/li><li style=\"font-weight: 400;\" aria-level=\"1\"><span style=\"font-weight: 400;\">A 55 km del Aeropuerto Internacional Juan Santamar\u00eda.\u00a0<\/span><\/li><li style=\"font-weight: 400;\" aria-level=\"1\"><span style=\"font-weight: 400;\">A 7 km del futuro Aeropuerto Metropolitano de Orotina<\/span><\/li><li style=\"font-weight: 400;\" aria-level=\"1\"><span style=\"font-weight: 400;\">Frente a la zona franca La Ceiba Business Park.\u00a0<\/span><\/li><\/ul>\t\t\t\t\t\t<\/div>\n\t\t\t\t<\/div>\n\t\t\t\t\t<\/div>\n\t\t<\/div>\n\t\t\t\t<div class=\"elementor-column elementor-col-50 elementor-inner-column elementor-element elementor-element-eeb12e8\" data-id=\"eeb12e8\" data-element_type=\"column\">\n\t\t\t<div class=\"elementor-widget-wrap elementor-element-populated\">\n\t\t\t\t\t\t\t\t<div class=\"elementor-element elementor-element-018558f elementor-widget elementor-widget-image\" data-id=\"018558f\" data-element_type=\"widget\" data-widget_type=\"image.default\">\n\t\t\t\t<div class=\"elementor-widget-container\">\n\t\t\t<style>\/*! elementor - v3.6.7 - 03-07-2022 *\/\n.elementor-widget-image{text-align:center}.elementor-widget-image a{display:inline-block}.elementor-widget-image a img[src$=\".svg\"]{width:48px}.elementor-widget-image img{vertical-align:middle;display:inline-block}<\/style>\t\t\t\t\t\t\t\t\t\t\t\t<img width=\"800\" height=\"600\" src=\"https:\/\/dii.us.com\/nuevo\/wp-content\/uploads\/2022\/07\/3-1024x768.jpg\" class=\"attachment-large size-large\" alt=\"\" loading=\"lazy\" srcset=\"https:\/\/dii.us.com\/nuevo\/wp-content\/uploads\/2022\/07\/3-1024x768.jpg 1024w, https:\/\/dii.us.com\/nuevo\/wp-content\/uploads\/2022\/07\/3-300x225.jpg 300w, https:\/\/dii.us.com\/nuevo\/wp-content\/uploads\/2022\/07\/3-768x576.jpg 768w, https:\/\/dii.us.com\/nuevo\/wp-content\/uploads\/2022\/07\/3.jpg 1200w\" sizes=\"(max-width: 800px) 100vw, 800px\" \/>\t\t\t\t\t\t\t\t\t\t\t\t\t\t\t<\/div>\n\t\t\t\t<\/div>\n\t\t\t\t\t<\/div>\n\t\t<\/div>\n\t\t\t\t\t\t\t<\/div>\n\t\t<\/section>\n\t\t\t\t\t<\/div>\n\t\t<\/div>\n\t\t\t\t\t\t\t<\/div>\n\t\t<\/section>\n\t\t\t\t<section class=\"elementor-section elementor-top-section elementor-element elementor-element-694e7ca elementor-section-boxed elementor-section-height-default elementor-section-height-default\" data-id=\"694e7ca\" data-element_type=\"section\" data-settings=\"{&quot;jet_parallax_layout_list&quot;:[],&quot;background_background&quot;:&quot;classic&quot;}\">\n\t\t\t\t\t\t\t<div class=\"elementor-background-overlay\"><\/div>\n\t\t\t\t\t\t\t<div class=\"elementor-container elementor-column-gap-wider\">\n\t\t\t\t\t<div class=\"elementor-column elementor-col-100 elementor-top-column elementor-element elementor-element-b0c9c72\" data-id=\"b0c9c72\" data-element_type=\"column\">\n\t\t\t<div class=\"elementor-widget-wrap elementor-element-populated\">\n\t\t\t\t\t\t\t\t<div class=\"elementor-element elementor-element-a2c1304 elementor-widget elementor-widget-heading\" data-id=\"a2c1304\" data-element_type=\"widget\" data-widget_type=\"heading.default\">\n\t\t\t\t<div class=\"elementor-widget-container\">\n\t\t\t<h2 class=\"elementor-heading-title elementor-size-default\">\u00a1Tu MEJOR INVERSI\u00d3N INDUSTRIAL est\u00e1 en Orotina!<\/h2>\t\t<\/div>\n\t\t\t\t<\/div>\n\t\t\t\t<section class=\"elementor-section elementor-inner-section elementor-element elementor-element-3b83df6 elementor-section-boxed elementor-section-height-default elementor-section-height-default\" data-id=\"3b83df6\" data-element_type=\"section\" data-settings=\"{&quot;jet_parallax_layout_list&quot;:[]}\">\n\t\t\t\t\t\t<div class=\"elementor-container elementor-column-gap-wider\">\n\t\t\t\t\t<div class=\"elementor-column elementor-col-50 elementor-inner-column elementor-element elementor-element-fdc05e2\" data-id=\"fdc05e2\" data-element_type=\"column\">\n\t\t\t<div class=\"elementor-widget-wrap elementor-element-populated\">\n\t\t\t\t\t\t\t\t<div class=\"elementor-element elementor-element-547fb3a elementor-widget elementor-widget-text-editor\" data-id=\"547fb3a\" data-element_type=\"widget\" data-widget_type=\"text-editor.default\">\n\t\t\t\t<div class=\"elementor-widget-container\">\n\t\t\t\t\t\t\t<p><span style=\"font-weight: 400;\">Ubicada en Cascajal de Orotina, una zona muy segura de Costa Rica, es un lote perfecto para construir un desarrollo comercial o industrial de gran alcance: un nuevo parque empresarial, un centro de distribuci\u00f3n, una zona franca o un proyecto tur\u00edstico y sostenible porque el terreno ha estado libre de qu\u00edmicos y herbicidas desde hace 20 a\u00f1os.<\/span><\/p><p><span style=\"font-weight: 400;\">Esta finca se ubica en una de las zonas m\u00e1s desarrolladas y con mayores facilidades log\u00edsticas de toda la provincia de Alajuela.\u00a0\u00a0<\/span><\/p>\t\t\t\t\t\t<\/div>\n\t\t\t\t<\/div>\n\t\t\t\t\t<\/div>\n\t\t<\/div>\n\t\t\t\t<div class=\"elementor-column elementor-col-50 elementor-inner-column elementor-element elementor-element-61bae94\" data-id=\"61bae94\" data-element_type=\"column\">\n\t\t\t<div class=\"elementor-widget-wrap elementor-element-populated\">\n\t\t\t\t\t\t\t\t<div class=\"elementor-element elementor-element-e0abe20 elementor-widget elementor-widget-text-editor\" data-id=\"e0abe20\" data-element_type=\"widget\" data-widget_type=\"text-editor.default\">\n\t\t\t\t<div class=\"elementor-widget-container\">\n\t\t\t\t\t\t\t<p><b>Ficha t\u00e9cnica<\/b><\/p><ul><li style=\"font-weight: 400;\" aria-level=\"1\"><span style=\"font-weight: 400;\">Extensi\u00f3n: 74 hect\u00e1reas<\/span><\/li><li style=\"font-weight: 400;\" aria-level=\"1\"><span style=\"font-weight: 400;\">Precio total: $8.880.000<\/span><\/li><li style=\"font-weight: 400;\" aria-level=\"1\"><span style=\"font-weight: 400;\">Precio por metro cuadrado: $12<\/span><\/li><li style=\"font-weight: 400;\" aria-level=\"1\"><span style=\"font-weight: 400;\">Servicios p\u00fablicos: Electricidad (ICE), agua potable (AyA).<\/span><\/li><li style=\"font-weight: 400;\" aria-level=\"1\"><span style=\"font-weight: 400;\">Otras ventajas: acceso a calle p\u00fablica.\u00a0<\/span><\/li><\/ul>\t\t\t\t\t\t<\/div>\n\t\t\t\t<\/div>\n\t\t\t\t\t<\/div>\n\t\t<\/div>\n\t\t\t\t\t\t\t<\/div>\n\t\t<\/section>\n\t\t\t\t\t<\/div>\n\t\t<\/div>\n\t\t\t\t\t\t\t<\/div>\n\t\t<\/section>\n\t\t\t\t<section class=\"elementor-section elementor-top-section elementor-element elementor-element-97b8268 elementor-section-boxed elementor-section-height-default elementor-section-height-default\" data-id=\"97b8268\" data-element_type=\"section\" data-settings=\"{&quot;jet_parallax_layout_list&quot;:[]}\">\n\t\t\t\t\t\t<div class=\"elementor-container elementor-column-gap-wider\">\n\t\t\t\t\t<div class=\"elementor-column elementor-col-50 elementor-top-column elementor-element elementor-element-66ff3fd\" data-id=\"66ff3fd\" data-element_type=\"column\">\n\t\t\t<div class=\"elementor-widget-wrap elementor-element-populated\">\n\t\t\t\t\t\t\t\t<div class=\"elementor-element elementor-element-ff97361 elementor-widget elementor-widget-heading\" data-id=\"ff97361\" data-element_type=\"widget\" data-widget_type=\"heading.default\">\n\t\t\t\t<div class=\"elementor-widget-container\">\n\t\t\t<h2 class=\"elementor-heading-title elementor-size-default\">\u00a1Plusval\u00eda garantizada!<\/h2>\t\t<\/div>\n\t\t\t\t<\/div>\n\t\t\t\t<div class=\"elementor-element elementor-element-233ba4d elementor-widget elementor-widget-heading\" data-id=\"233ba4d\" data-element_type=\"widget\" data-widget_type=\"heading.default\">\n\t\t\t\t<div class=\"elementor-widget-container\">\n\t\t\t<h2 class=\"elementor-heading-title elementor-size-default\">ACEPTAMOS CANJE O FINANCIAMOS<\/h2>\t\t<\/div>\n\t\t\t\t<\/div>\n\t\t\t\t<div class=\"elementor-element elementor-element-1854ca7 elementor-widget elementor-widget-text-editor\" data-id=\"1854ca7\" data-element_type=\"widget\" data-widget_type=\"text-editor.default\">\n\t\t\t\t<div class=\"elementor-widget-container\">\n\t\t\t\t\t\t\t<p><span style=\"font-weight: 400;\">\u00bfA\u00fan no est\u00e1 convencido? Aqu\u00ed le compartimos 3<\/span><b>\u00a0razones para comprar esta propiedad en Orotina de Alajuela<\/b><span style=\"font-weight: 400;\"> en Costa Rica.\u00a0<\/span><\/p><ol><li><b>Topograf\u00eda id\u00f3nea.<\/b><span style=\"font-weight: 400;\"> Orotina ofrece condiciones topogr\u00e1ficas aptas para casi cualquier desarrollo (inmobiliario, industrial, tur\u00edstico, agr\u00edcola). <\/span><b>\u00a1Las condiciones son perfectas para atraer m\u00e1s inversi\u00f3n!<\/b><b>\u00a0<\/b><\/li><li><b>Conectividad.<\/b><span style=\"font-weight: 400;\"> \u201cPor\u00a0este territorio\u00a0convergen dos importantes carreteras que comunican al cant\u00f3n con la frontera de Nicaragua y Panam\u00e1 a tan solo 4 horas de viaje en cualquiera de los dos sentidos\u201d, se\u00f1ala orgullosamente el <\/span><a href=\"https:\/\/muniorotina.go.cr\/index.php\/el-canton\/datos-importantes\"><span style=\"font-weight: 400;\">Gobierno Local<\/span><\/a><span style=\"font-weight: 400;\">. Y tambi\u00e9n <\/span><b>se puede llegar, en poco tiempo, a San Jos\u00e9, capital de Costa Rica,<\/b><span style=\"font-weight: 400;\"> y al hermoso puerto de Puntarenas. De hecho, <\/span><b>Orotina es la puerta de entrada a algunas de las\u00a0mejores playas\u00a0y varios\u00a0parques nacionales del pa\u00eds<\/b><span style=\"font-weight: 400;\">.\u00a0<\/span><\/li><li><b>Acceso a servicios y sitios comerciales.<\/b><span style=\"font-weight: 400;\"> No tiene que preocuparse de d\u00f3nde comprar\u00e1 sus insumos o realizar\u00e1 tr\u00e1mites legales o bancarios. <\/span><b>Orotina es un cant\u00f3n en pleno desarrollo, repleto de comercios pr\u00f3speros.<\/b><\/li><\/ol>\t\t\t\t\t\t<\/div>\n\t\t\t\t<\/div>\n\t\t\t\t\t<\/div>\n\t\t<\/div>\n\t\t\t\t<div class=\"elementor-column elementor-col-50 elementor-top-column elementor-element elementor-element-2a36ac0\" data-id=\"2a36ac0\" data-element_type=\"column\">\n\t\t\t<div class=\"elementor-widget-wrap elementor-element-populated\">\n\t\t\t\t\t\t\t\t<div class=\"elementor-element elementor-element-3b9ccfa elementor-widget elementor-widget-image\" data-id=\"3b9ccfa\" data-element_type=\"widget\" data-widget_type=\"image.default\">\n\t\t\t\t<div class=\"elementor-widget-container\">\n\t\t\t\t\t\t\t\t\t\t\t\t\t\t\t<img width=\"720\" height=\"900\" src=\"https:\/\/dii.us.com\/nuevo\/wp-content\/uploads\/2022\/07\/Edificio-1-e1656838247896.jpg\" class=\"attachment-large size-large\" alt=\"\" loading=\"lazy\" srcset=\"https:\/\/dii.us.com\/nuevo\/wp-content\/uploads\/2022\/07\/Edificio-1-e1656838247896.jpg 720w, https:\/\/dii.us.com\/nuevo\/wp-content\/uploads\/2022\/07\/Edificio-1-e1656838247896-240x300.jpg 240w\" sizes=\"(max-width: 720px) 100vw, 720px\" \/>\t\t\t\t\t\t\t\t\t\t\t\t\t\t\t<\/div>\n\t\t\t\t<\/div>\n\t\t\t\t\t<\/div>\n\t\t<\/div>\n\t\t\t\t\t\t\t<\/div>\n\t\t<\/section>\n\t\t\t\t\t\t\t<\/div>\n\t\t","protected":false},"excerpt":{"rendered":"<p>UBICADO EN UNA DE LAS MEJORES UBICACIONES LOG\u00cdSTICAS PARA EMPRESAS INDUSTRIALES, COMERCIALES Y LOG\u00cdSTICAS Cerca de Puerto Caldera, San Jos\u00e9, y en las inmediaciones de un futuro aeropuerto. Si pudi\u00e9ramos resumir esta propiedad en dos palabras ser\u00edan: UBICACI\u00d3N ESTRAT\u00c9GICA.\u00a0 A tan s\u00f3lo 1 km de la Ruta 27, la v\u00eda principal hacia Puntarenas y hacia [&hellip;]<\/p>\n","protected":false},"author":1,"featured_media":0,"parent":0,"menu_order":0,"comment_status":"closed","ping_status":"closed","template":"","meta":[],"_links":{"self":[{"href":"https:\/\/dii.us.com\/nuevo\/index.php?rest_route=\/wp\/v2\/pages\/143"}],"collection":[{"href":"https:\/\/dii.us.com\/nuevo\/index.php?rest_route=\/wp\/v2\/pages"}],"about":[{"href":"https:\/\/dii.us.com\/nuevo\/index.php?rest_route=\/wp\/v2\/types\/page"}],"author":[{"embeddable":true,"href":"https:\/\/dii.us.com\/nuevo\/index.php?rest_route=\/wp\/v2\/users\/1"}],"replies":[{"embeddable":true,"href":"https:\/\/dii.us.com\/nuevo\/index.php?rest_route=%2Fwp%2Fv2%2Fcomments&post=143"}],"version-history":[{"count":13,"href":"https:\/\/dii.us.com\/nuevo\/index.php?rest_route=\/wp\/v2\/pages\/143\/revisions"}],"predecessor-version":[{"id":291,"href":"https:\/\/dii.us.com\/nuevo\/index.php?rest_route=\/wp\/v2\/pages\/143\/revisions\/291"}],"wp:attachment":[{"href":"https:\/\/dii.us.com\/nuevo\/index.php?rest_route=%2Fwp%2Fv2%2Fmedia&parent=143"}],"curies":[{"name":"wp","href":"https:\/\/api.w.org\/{rel}","templated":true}]}}